{"id":1243,"date":"2014-06-27T16:22:27","date_gmt":"2014-06-27T14:22:27","guid":{"rendered":"http:\/\/www.samskitchen.at\/?page_id=1243"},"modified":"2023-08-09T12:44:34","modified_gmt":"2023-08-09T10:44:34","slug":"rezepte","status":"publish","type":"page","link":"https:\/\/www.samskitchen.at\/?page_id=1243","title":{"rendered":"Rezepte"},"content":{"rendered":"<p><strong>Baguette:<\/strong><\/p>\n<p><a title=\"Baguette (Weizensauerteig ohne Hefe)\" href=\"http:\/\/www.samskitchen.at\/?p=872\">Baguette (Weizensauerteig ohne Hefe)<\/a><br \/>\n<a title=\"Baguette (lange Teigf\u00fchrung)\" href=\"http:\/\/www.samskitchen.at\/?p=787\">Baguette (lange Teigf\u00fchrung)<\/a><br \/>\n<a title=\"Baguette mit Lievito Madre\" href=\"http:\/\/www.samskitchen.at\/?p=985\">Baguette mit Lievito Madre<br \/>\n<\/a><a href=\"http:\/\/www.samskitchen.at\/?p=1095\">Baguette mit Poolish<br \/>\n<\/a><a href=\"http:\/\/www.samskitchen.at\/?p=1303\">Baguette mit Poolish (Dietmar Kappl)<\/a><br \/>\n<a title=\"Baguettes nach S\u00e9bastien Mauvieux Vergleich T65\/T550 (700) 5. Versuch\" href=\"http:\/\/www.samskitchen.at\/?p=765\">Baguette nach Sebastien Mauvieux 5. Versuch<\/a><br \/>\n<a title=\"Baguettes nach S\u00e9bastien Mauvieux \u2013 4. Versuch\" href=\"http:\/\/www.samskitchen.at\/?p=697\">Baguette nach Sebastien Mauvieus 4. Versuch<\/a><br \/>\n<a title=\"Baguettes nach S\u00e9bastien Mauvieux \u2013 3. Versuch\" href=\"http:\/\/www.samskitchen.at\/?p=452\">Baguette nach Sebastien Mauvieux 3. Versuch<\/a><br \/>\n<a title=\"Baguettes nach S\u00e9bastien Mauvieux \u2013 2. Versuch\" href=\"http:\/\/www.samskitchen.at\/?p=431\">Baguette nach Sebastien Mauvieux 2. Versuch<\/a><br \/>\n<a title=\"Baguettes nach S\u00e9bastien Mauvieux \u2013 Frankreichs Baguette-B\u00e4cker 2012\" href=\"http:\/\/www.samskitchen.at\/?p=395\">Baguette nach Sebastien Mauvieux (Baguetteb\u00e4cker des Jahres 2012)<\/a><br \/>\n<a href=\"http:\/\/www.samskitchen.at\/?p=3864\">Baguette rustique<\/a><br \/>\n<a title=\"Baguette sam\u00b4s kitchen \u2013 2. Versuch\" href=\"http:\/\/www.samskitchen.at\/?p=591\">Baguette Sam\u00b4s Kitchen 2. Versuch<\/a><br \/>\n<a title=\"Baguette \u2013 sam\u00b4s kitchen\" href=\"http:\/\/www.samskitchen.at\/?p=468\">Baguette Sam\u00b4s Kitchen<\/a><br \/>\n<a title=\"Dinkelbaguettes (Vollkorn)\" href=\"http:\/\/www.samskitchen.at\/?p=1879\">Dinkelbaguettes (Vollkorn)<\/a><br \/>\n<a href=\"http:\/\/www.samskitchen.at\/?p=4222\">Dinkelbaguettes<\/a><br \/>\n<a href=\"http:\/\/www.samskitchen.at\/?p=1835\">La Flute (Baguettestangen)<\/a><br \/>\n<a href=\"http:\/\/www.samskitchen.at\/?p=1213\">Rustikale Baguettes<\/a><br \/>\n<a href=\"http:\/\/www.samskitchen.at\/?p=3798\">Wiener Baguettes<\/a><\/p>\n<p><strong>Brot:<\/strong><\/p>\n<p><a href=\"http:\/\/www.samskitchen.at\/?p=2896\">Alpenkruste<\/a><a href=\"http:\/\/www.samskitchen.at\/?p=2318\"><br \/>\nAmerikan Toast<\/a><a href=\"http:\/\/www.samskitchen.at\/?p=2301\"><br \/>\nAusgehobenes Bauernbrot<br \/>\n<\/a><a title=\"Bauernbrot\" href=\"http:\/\/www.samskitchen.at\/?p=261\">Bauernbrot<\/a><br \/>\n<a title=\"Bauernlaib\" href=\"http:\/\/www.samskitchen.at\/?p=838\">Bauernlaib<br \/>\n<\/a><a href=\"http:\/\/www.samskitchen.at\/?p=3115\">Bergisches Schrotbrot<\/a><br \/>\n<a title=\"BLOG-EVENT \u2013 EIN BROT F\u00dcR G\u00d6TZ VON BERLICHINGEN!\" href=\"http:\/\/www.samskitchen.at\/?p=1391\">Brot f\u00fcr G\u00f6tz von Berlichingen<\/a><br \/>\n<a title=\"B\u00fcndner Roggenbrot (Schweiz)\" href=\"http:\/\/www.samskitchen.at\/?p=1667\">B\u00fcndner Roggenbrot (Schweizer Ringbrot)<\/a><br \/>\n<a title=\"Ciabatta\" href=\"http:\/\/www.samskitchen.at\/?p=1937\">Ciabatta<\/a><br \/>\n<a title=\"Charpentier\" href=\"http:\/\/www.samskitchen.at\/?p=1497\">Charpentier (franz. Weissbrot)<\/a><br \/>\n<a href=\"http:\/\/www.samskitchen.at\/?p=2928\">Cocolina (Kokosbrot)<\/a><br \/>\n<a href=\"http:\/\/www.samskitchen.at\/?p=1635\">Corn Rye\/Kornbroyd<\/a><a title=\"corona de pan (Spanisches Kronenbrot)\" href=\"http:\/\/www.samskitchen.at\/?p=736\"><br \/>\nCorona de Pan (spanisches Kronenbrot)<\/a><br \/>\n<a href=\"http:\/\/www.samskitchen.at\/?p=1011\">Daktyla (Griechisches Fingerbrot)<br \/>\n<\/a><a href=\"http:\/\/www.samskitchen.at\/?p=3037\">Dinkelbatard (Vollkorn)<\/a><a href=\"http:\/\/www.samskitchen.at\/?p=1011\"><br \/>\n<\/a><a href=\"http:\/\/www.samskitchen.at\/?p=1182\">Dinkel-Ciabatta<br \/>\n<\/a><a title=\"Dinkelvollkornbrot\" href=\"http:\/\/www.samskitchen.at\/?p=710\">Dinkel-Vollkornbrot<br \/>\n<\/a><a href=\"http:\/\/www.samskitchen.at\/?p=2587\">Dinkelbrot aus dem Holzbackofen<\/a><br \/>\n<a href=\"http:\/\/www.samskitchen.at\/?p=4138\">Dinkeltoastbrot<\/a><br \/>\n<a title=\"Dinkeltoastbrot (Vollkorn)\" href=\"http:\/\/www.samskitchen.at\/?p=1810\">Dinkelvollkorntoast<\/a><br \/>\n<a href=\"http:\/\/www.samskitchen.at\/?p=3373\">Einkornbrot (Vollkorn)<\/a><br \/>\n<a href=\"http:\/\/www.samskitchen.at\/?p=3521\">Einkorn &#8211; Roggen (Mischbrot)<\/a><br \/>\n<a title=\"einfach nur ROGGEN\" href=\"http:\/\/www.samskitchen.at\/?p=1686\">einfach nur ROGGEN (100% Roggenbrot)<\/a><br \/>\n<a href=\"http:\/\/www.samskitchen.at\/?p=3480\">schnelles Fladenbrot<\/a><br \/>\n<a href=\"http:\/\/www.samskitchen.at\/?p=3550\">Feuerstangen<\/a><br \/>\n<a title=\"Fladenbrotunfall\" href=\"http:\/\/www.samskitchen.at\/?p=323\">Fladenbrot<\/a><br \/>\n<a title=\"Fladenbrot auf \u00f6sterreichisch\" href=\"http:\/\/www.samskitchen.at\/?p=1230\">Fladenbrot auf \u00f6sterreichisch<br \/>\n<\/a><a title=\"Fladenbrot auf \u00f6sterreichisch\" href=\"http:\/\/www.samskitchen.at\/?p=2541\">France rencontre l\u2019Italie \u2013 ou vice versa<br \/>\n<\/a><a href=\"http:\/\/www.samskitchen.at\/?p=2958\">Gelter Bierkruste (Treberbrot)<\/a><a title=\"Fladenbrot auf \u00f6sterreichisch\" href=\"http:\/\/www.samskitchen.at\/?p=2541\"><br \/>\n<\/a><a href=\"http:\/\/www.samskitchen.at\/?p=1131\">Griechisches Landbrot<br \/>\n<\/a><a href=\"http:\/\/www.samskitchen.at\/?p=2124\">Griechisches Weissbrot<\/a><br \/>\n<a href=\"http:\/\/www.samskitchen.at\/?p=3302\">Herbstbrot<\/a><a href=\"http:\/\/www.samskitchen.at\/?p=2254\"><br \/>\nH\u00e4usemer Bauerekrume<\/a><br \/>\n<a href=\"http:\/\/www.samskitchen.at\/?p=4063\">Holzhackerbrot<\/a><a href=\"http:\/\/www.samskitchen.at\/?p=1131\"><br \/>\n<\/a><a title=\"Johannas Zapfenbrot\" href=\"http:\/\/www.samskitchen.at\/?p=1\">Johannas Zapfenbrot<br \/>\n<\/a><a title=\"Italienisches Zupfbrot\" href=\"http:\/\/www.samskitchen.at\/?p=1537\">Italienisches Zupfbrot<\/a><br \/>\n<a title=\"Kastenbrot (100 % Roggenvollkorn)\" href=\"http:\/\/www.samskitchen.at\/?p=1373\">Kastenbrot (100% Roggenvollkorn)<\/a><br \/>\n<a title=\"K\u00e4rntner Bauernbrot\" href=\"http:\/\/www.samskitchen.at\/?p=680\">K\u00e4rntner Bauernbrot<br \/>\n<\/a><a href=\"http:\/\/www.samskitchen.at\/?p=3134\">K\u00e4rntner Bauernkruste (Vollkorn)<\/a><br \/>\n<a href=\"http:\/\/www.samskitchen.at\/?p=2354\">K\u00e4rntner Krustenbrot<\/a><br \/>\n<a href=\"http:\/\/www.samskitchen.at\/?p=3603\">K\u00e4rntner Pflastersteine (Mischbrot mit Sauerteig)<\/a><br \/>\n<a title=\"Kletzenbrot (Fr\u00fcchtebrot)\" href=\"http:\/\/www.samskitchen.at\/?p=543\">Kletzenbrot (Fr\u00fcchtebrot)<\/a><br \/>\n<a title=\"K\u00f6rndlbrot &nbsp;&nbsp;&nbsp;&nbsp;&nbsp;&nbsp;&nbsp;&nbsp;&nbsp;&nbsp;&nbsp;&nbsp;&nbsp;&nbsp;&nbsp;&nbsp;&nbsp;&nbsp;&nbsp;&nbsp;&nbsp;&nbsp;&nbsp;&nbsp;(Roggenvollkorn mit K\u00f6rndln)\" href=\"http:\/\/www.samskitchen.at\/?p=1778\">K\u00f6rndlbrot<br \/>\n<\/a><a href=\"http:\/\/www.samskitchen.at\/?p=2738\">K\u00f6rndlbrot (Vollkorn)<\/a><a title=\"K\u00f6rndlbrot &nbsp;&nbsp;&nbsp;&nbsp;&nbsp;&nbsp;&nbsp;&nbsp;&nbsp;&nbsp;&nbsp;&nbsp;&nbsp;&nbsp;&nbsp;&nbsp;&nbsp;&nbsp;&nbsp;&nbsp;&nbsp;&nbsp;&nbsp;&nbsp;(Roggenvollkorn mit K\u00f6rndln)\" href=\"http:\/\/www.samskitchen.at\/?p=1778\"><br \/>\n<\/a><a title=\"Kruh (Kroatisches Weissbrot)\" href=\"http:\/\/www.samskitchen.at\/?p=2033\">Kruh (Kroatisches Weissbrot)<\/a><br \/>\n<a title=\"Landbrot\" href=\"http:\/\/www.samskitchen.at\/?p=1735\">Landbrot<\/a><br \/>\n<a title=\"La Tourte de Meule (lange kalte Teigf\u00fchrung)\" href=\"http:\/\/www.samskitchen.at\/?p=977\">La Tourte de Meule (lange kalte Teigf\u00fchrung<br \/>\n<\/a><a title=\"La Tourte de Meule (lievito madre)\" href=\"http:\/\/www.samskitchen.at\/?p=967\">La Tourte de Meule (lievito Madre)<br \/>\n<\/a><a title=\"Lesachtaler Bauernbrot\" href=\"http:\/\/www.samskitchen.at\/?p=1882\">Lesachtaler Bauernbrot<\/a><br \/>\n<a href=\"http:\/\/www.samskitchen.at\/?p=3586\">Lieblingsbrot<\/a><br \/>\n<a href=\"http:\/\/www.samskitchen.at\/?p=2735\">Maronibrot<\/a><br \/>\n<a title=\"Mediterranes Landbrot&nbsp;&nbsp;(Dutch Oven)&nbsp;&nbsp;\" href=\"http:\/\/www.samskitchen.at\/?p=1481\">Mediterranes Landbrot (Dutch Oven)<\/a><br \/>\n<a href=\"http:\/\/www.samskitchen.at\/?p=2230\">Mediterranes Weissbrot<\/a><br \/>\n<a href=\"http:\/\/www.samskitchen.at\/?p=2778\">Meraner Striezl<\/a><br \/>\n<a title=\"Paderborner Landbrot\" href=\"http:\/\/www.samskitchen.at\/?p=581\">Paderborner Landbrot<\/a><br \/>\n<a title=\"Pagnotta \u2013 Italien (Hartweizengrie\u00dfbrot)\" href=\"http:\/\/www.samskitchen.at\/?p=635\">Pagnotta (Ital. Hartweizenbrot)<\/a><br \/>\n<a title=\"Pain Chapeau\" href=\"http:\/\/www.samskitchen.at\/?p=848\">Pain Chapeau<br \/>\n<\/a><a href=\"http:\/\/www.samskitchen.at\/?p=1793\">Pain des Amis (Brot von Freunden)<br \/>\n<\/a><a href=\"http:\/\/www.samskitchen.at\/?p=2716\">Pain polka<\/a><br \/>\n<a title=\"Pane a Lievitazione Naturale con Prefermento\" href=\"http:\/\/www.samskitchen.at\/?p=1563\">Pane a Lievitazione Naturale con Prefermento<\/a><br \/>\n<a title=\"Pane alle Noci (Italienisches Nussbrot)\" href=\"http:\/\/www.samskitchen.at\/?p=1649\">Pane alle Noci (italienisches Nussbrot)<br \/>\n<\/a><a href=\"http:\/\/www.samskitchen.at\/?p=3051\">Pane alle Olive (Olivenbrot)<\/a><br \/>\n<a href=\"http:\/\/www.samskitchen.at\/?p=4005\">Pane cafone<\/a><br \/>\n<a href=\"http:\/\/www.samskitchen.at\/?p=2496\">Pane con semola e lievito madre&nbsp;<\/a><br \/>\n<a href=\"http:\/\/www.samskitchen.at\/?p=4202\">Pane degli amici<\/a><br \/>\n<a href=\"http:\/\/www.samskitchen.at\/?p=3218\">Pane Italiano<\/a><br \/>\n<a title=\"Pane tutto buchi &nbsp;&nbsp;&nbsp;&nbsp;&nbsp;&nbsp;&nbsp;&nbsp;&nbsp;&nbsp;&nbsp;&nbsp; &nbsp;&nbsp;&nbsp;&nbsp;&nbsp; &nbsp;&nbsp;&nbsp;&nbsp;&nbsp;&nbsp;&nbsp;&nbsp;&nbsp; (Weissbrot mit gro\u00dfen L\u00f6chern)\" href=\"http:\/\/www.samskitchen.at\/?p=1330\">Pane tutto buchi<\/a>&nbsp;(Ital. Weissbrot mit grossen L\u00f6chern)<br \/>\n<a href=\"http:\/\/www.samskitchen.at\/?p=3023\">Reine de Meule<\/a><br \/>\n<a href=\"http:\/\/www.samskitchen.at\/?p=2915\">Roggen pur<\/a><br \/>\n<a title=\"Roggenkruste\" href=\"http:\/\/www.samskitchen.at\/?p=934\">Roggenkruste<br \/>\n<\/a><a title=\"Roggenbrot (freigeschoben)\" href=\"http:\/\/www.samskitchen.at\/?p=1275\">Roggenbrot (freigeschoben)<\/a><br \/>\n<a title=\"Roggenvollkornbrot (mit ganzem Korn)\" href=\"http:\/\/www.samskitchen.at\/?p=1516\">Roggenvollkornbrot (mit ganzem Korn)<br \/>\n<\/a><a href=\"http:\/\/www.samskitchen.at\/?p=2974\">Ruchbrot<\/a><br \/>\n<a title=\"Rustikales Vollkornbrot\" href=\"http:\/\/www.samskitchen.at\/?p=1590\">Rustikales Vollkornbrot<\/a><br \/>\n<a title=\"Sandwich (oder Toastbrot)\" href=\"http:\/\/www.samskitchen.at\/?p=1748\">Sandwich (oder Toastbrot)<\/a><br \/>\n<a href=\"http:\/\/www.samskitchen.at\/?p=177\">Sam\u00b4s Hausbrot<\/a><br \/>\n<a href=\"http:\/\/www.samskitchen.at\/?p=3337\">Sam\u00b4s Hausbrot (verbessert)<\/a><br \/>\n<a href=\"http:\/\/www.samskitchen.at\/?p=4234\">Schnelles Brot (Mischbrot)<\/a><br \/>\n<a href=\"http:\/\/www.samskitchen.at\/?p=2341\">Schwarzw\u00e4lder Kruste<\/a><br \/>\n<a href=\"http:\/\/www.samskitchen.at\/?p=1577\">Schwarzw\u00e4lder Landbrot<\/a><br \/>\n<a href=\"http:\/\/www.samskitchen.at\/?p=3079\">Schweizer Brot (Ruchbrot)<\/a><br \/>\n<a href=\"http:\/\/www.samskitchen.at\/?p=3112\">Schweizerkruste<\/a><a href=\"http:\/\/www.samskitchen.at\/?p=2279\"><br \/>\nSiegerl\u00e4nder&nbsp;Kruste<\/a><br \/>\n<a href=\"http:\/\/www.samskitchen.at\/?p=2087\">Steinofenkruste (aus dem Holzbackofen)<\/a><br \/>\n<a title=\"Tabatiere (franz\u00f6sische Spezialit\u00e4t)\" href=\"http:\/\/www.samskitchen.at\/?p=1705\">Tabatiere (franz\u00f6sische Spezialit\u00e4t)<\/a><br \/>\n<a title=\"Topfenbrot (und Laberln)\" href=\"http:\/\/www.samskitchen.at\/?p=951\">Topfenbrot<br \/>\n<\/a><a title=\"Toastbrot\" href=\"http:\/\/www.samskitchen.at\/?p=652\">Toastbrot<br \/>\n<\/a><a title=\"Vollkorn \u2013 Mischbrot\" href=\"http:\/\/www.samskitchen.at\/?p=1534\">Vollkorn &#8211; Mischbrot<br \/>\n<\/a><a href=\"http:\/\/www.samskitchen.at\/?p=3447\">Wagenradl (Champagnerroggen-Weizen)<br \/>\n<\/a><a title=\"Walnussbrot\" href=\"http:\/\/www.samskitchen.at\/?p=351\">Walnussbrot<br \/>\n<\/a><a href=\"http:\/\/www.samskitchen.at\/?p=3692\">Waldstaudenroggen mit schwarzem Emmer (Vollkorn)<\/a><br \/>\n<a href=\"http:\/\/www.samskitchen.at\/?p=3415\">Waldstauden &#8211; Schwarzbrot (Vollkorn)<\/a><br \/>\n<a href=\"http:\/\/www.samskitchen.at\/?p=3573\">Waldstaudenbrot (15% Ruchmehl)<\/a><br \/>\n<a href=\"http:\/\/www.samskitchen.at\/?p=3744\">Weizen-Vollkorn<\/a><br \/>\n<a title=\"Weinheimer Heidebrot\" href=\"http:\/\/www.samskitchen.at\/?p=336\">Weinheimer Heidebrot<br \/>\n<\/a><a title=\"Ein ganz normales Weissbrot (Wecken)\" href=\"http:\/\/www.samskitchen.at\/?p=1370\">Weissbrot (Wecken)<\/a><br \/>\n<a href=\"http:\/\/www.samskitchen.at\/?p=3097\">Weissbrot (mit Hefewasser) ein Versuch<\/a><br \/>\n<a href=\"http:\/\/www.samskitchen.at\/?p=3023\">Wurzelbrot<\/a><\/p>\n<p><strong>Semmel und Weckerln:<br \/>\n<\/strong><a href=\"http:\/\/www.samskitchen.at\/?p=3649\">B\u00e4rlauchsemmeln<\/a><br \/>\n<a title=\"Bosniaken\" href=\"http:\/\/www.samskitchen.at\/?p=110\">Bosniaken<\/a><br \/>\n<a title=\"Burger Buns\" href=\"http:\/\/www.samskitchen.at\/?p=790\">Burger Buns<\/a><br \/>\n<a href=\"http:\/\/www.samskitchen.at\/?p=3981\">Craft-Stangerln<\/a><br \/>\n<a href=\"http:\/\/www.samskitchen.at\/?p=2939\">Dortmunder Salzkuchen<\/a><br \/>\n<a href=\"http:\/\/www.samskitchen.at\/?p=2169\">franz\u00f6sische Weizenblume<\/a><br \/>\n<a href=\"http:\/\/www.samskitchen.at\/?p=2863\">Fr\u00fchst\u00fccksk\u00f6rberl (Salz-Hefe-Verfahren<\/a>)<br \/>\n<a title=\"Glutenfreies Geb\u00e4ck\" href=\"http:\/\/www.samskitchen.at\/?p=413\">Glutenfreises Geb\u00e4ck<\/a><br \/>\n<a title=\"Grammelpogatschen\" href=\"http:\/\/www.samskitchen.at\/?p=1594\">Grammelpogatschen<br \/>\n<\/a><a href=\"http:\/\/www.samskitchen.at\/?p=3484\">Griechischer Gerstenzwieback<\/a><br \/>\n<a href=\"http:\/\/www.samskitchen.at\/?p=3434\">Grissini torinesi<\/a><br \/>\n<a href=\"http:\/\/www.samskitchen.at\/?p=3881\">Grissini dukkah<\/a><br \/>\n<a title=\"Hot Dog Buns\" href=\"http:\/\/www.samskitchen.at\/?p=1822\">Hot Dog Buns<\/a><br \/>\n<a href=\"http:\/\/www.samskitchen.at\/?p=3935\">Joghurtriegel<\/a><br \/>\n<a href=\"http:\/\/www.samskitchen.at\/?p=2759\">Jourgeb\u00e4ck (Partygeb\u00e4ck)<\/a><a title=\"Kaisersemmeln (Handgeschlagen)\" href=\"http:\/\/www.samskitchen.at\/?p=621\"><br \/>\nKaisersemmel (schnell)<\/a><br \/>\n<a href=\"http:\/\/www.samskitchen.at\/?p=1040\">Kaisersemmel (Handgeschlagen nach d. Kappl)<br \/>\n<\/a><a href=\"http:\/\/www.samskitchen.at\/?p=2210\">Kaisersemmel (nach Franz Brandl)<\/a>&nbsp;<a title=\"Kaisersemmel u. Salzstangerln\" href=\"http:\/\/www.samskitchen.at\/?p=1724\"><br \/>\nKaisersemmel und Salzstangerln<\/a><br \/>\n<a title=\"K\u00e4rntner Jausenweckerl\" href=\"http:\/\/www.samskitchen.at\/?p=1397\">K\u00e4rntner Jausnweckerl<\/a><br \/>\n<a href=\"http:\/\/www.samskitchen.at\/?p=4242\">Kifle (Balkanstangerln)<\/a><br \/>\n<a title=\"K\u00f6rndlspitz\" href=\"http:\/\/www.samskitchen.at\/?p=360\">K\u00f6rndlspitz<\/a><br \/>\n<a href=\"http:\/\/www.samskitchen.at\/?p=2514\">K\u00f6rndlspitz (light)<\/a><br \/>\n<a title=\"K\u00fcmmelweckerln\" href=\"http:\/\/www.samskitchen.at\/?p=1868\">K\u00fcmmelweckerln<\/a><br \/>\n<a title=\"Laugenbrezeln\" href=\"http:\/\/www.samskitchen.at\/?p=797\">Laugenbrezeln<\/a><br \/>\n<a title=\"Laugenbrezeln (Pate Ferment\u00eae)\" href=\"http:\/\/www.samskitchen.at\/?p=1613\">Laugenbrezeln (Pate Ferment\u00eae)<\/a><br \/>\n<a href=\"http:\/\/www.samskitchen.at\/?p=2563\">Laugengeb\u00e4ck und Dergleichen<\/a><br \/>\n<a title=\"Panini all\u00b4olio\" href=\"http:\/\/www.samskitchen.at\/?p=668\">Panini all\u00b4Olio<\/a><br \/>\n<a title=\"Panini&nbsp;&nbsp;&nbsp;&nbsp;&nbsp;&nbsp;&nbsp;&nbsp;&nbsp;&nbsp;&nbsp;&nbsp;&nbsp;&nbsp;&nbsp;&nbsp;&nbsp;&nbsp;&nbsp;&nbsp;&nbsp;&nbsp;&nbsp;&nbsp;&nbsp;&nbsp;&nbsp;&nbsp;&nbsp;&nbsp;&nbsp;&nbsp;&nbsp;&nbsp;&nbsp;&nbsp;&nbsp;&nbsp;&nbsp;&nbsp;&nbsp;&nbsp;&nbsp;&nbsp;&nbsp;&nbsp;&nbsp;&nbsp;&nbsp;&nbsp;&nbsp;&nbsp;&nbsp;&nbsp;&nbsp;&nbsp;&nbsp;&nbsp;&nbsp;&nbsp;&nbsp;&nbsp;&nbsp;&nbsp;&nbsp;&nbsp;&nbsp;(semola di grano duro rimacinata)\" href=\"http:\/\/www.samskitchen.at\/?p=1909\">Panini (semola di Grano duro)<\/a><br \/>\n<a href=\"http:\/\/www.samskitchen.at\/?p=2766\">Panini dell&#8216; Harry&#8217;s Bar<\/a><br \/>\n<a href=\"http:\/\/www.samskitchen.at\/?p=4051\">Panini Tartaruga<\/a><br \/>\n<a href=\"http:\/\/www.samskitchen.at\/?p=995\">Salzstangerl u. Kausersemmel<\/a><br \/>\n<a href=\"http:\/\/www.samskitchen.at\/?p=2662\">Speck-K\u00e4se Stangerln<\/a><br \/>\n<a href=\"http:\/\/www.samskitchen.at\/?p=2645\">Steirische K\u00e4sestangerln (ohne Hefe)<\/a><br \/>\n<a href=\"http:\/\/www.samskitchen.at\/?p=2445\">Vinschgerl (Paarl)<\/a><br \/>\n<a title=\"Wachauer Laberln\" href=\"http:\/\/www.samskitchen.at\/?p=824\">Wachauer Laberln<br \/>\n<\/a><a title=\"Wachauer mit Vollkornanteil\" href=\"http:\/\/www.samskitchen.at\/?p=1360\">Wachauer mit Vollkornanteil<\/a><br \/>\n<a title=\"Weckerln aus dem Elsass\" href=\"http:\/\/www.samskitchen.at\/?p=914\">Weckerln aus dem Elsass<\/a><br \/>\n<a href=\"http:\/\/www.samskitchen.at\/?p=3757\">Wiener Kipferl (m\u00fcrbes Kipferl)<\/a><br \/>\n<a href=\"http:\/\/www.samskitchen.at\/?p=3781\">Winzerstangerln<\/a><br \/>\n<a title=\"Zoccoletti di Pane (Leserwunsch)\" href=\"http:\/\/www.samskitchen.at\/?p=1116\">Zoccoletti di Pane<\/a><\/p>\n<p><strong>S\u00fcsses:<\/strong><\/p>\n<p style=\"text-align: justify;\"><a title=\"Buchteln\" href=\"http:\/\/www.samskitchen.at\/?p=281\">Buchteln<\/a><br \/>\n<a href=\"http:\/\/www.samskitchen.at\/?p=1159\">Butterkipferl<br \/>\n<\/a><a href=\"http:\/\/www.samskitchen.at\/?p=858\">Brioche (direkte lange Teigf\u00fchrung)<br \/>\n<\/a><a title=\"Croissant\" href=\"http:\/\/www.samskitchen.at\/?p=482\">Croissant<\/a><br \/>\n<a href=\"http:\/\/www.samskitchen.at\/?p=3846\">Croissant (Vollkorn)<\/a><br \/>\n<a title=\"Cronuts\" href=\"http:\/\/www.samskitchen.at\/?p=1030\">Cronuts&nbsp;<\/a><br \/>\n<a title=\"Ensaimada\" href=\"http:\/\/www.samskitchen.at\/?p=546\">Ensaimada<br \/>\n<\/a><a href=\"http:\/\/www.samskitchen.at\/?p=2582\">Wiener Kipferl (m\u00fcrbes Kipferl)<\/a><br \/>\n<a title=\"Wiener Krapfen\" href=\"http:\/\/www.samskitchen.at\/?p=1841\">Wiener Krapfen<\/a><br \/>\n<a href=\"http:\/\/www.samskitchen.at\/?p=2469\">K\u00e4rntner Reindling (lange Teigf\u00fchrung)<\/a><br \/>\n<a href=\"http:\/\/www.samskitchen.at\/?p=1057\">K\u00e4rntner Reindling<\/a><br \/>\n<a title=\"Kletzenbrot (Fr\u00fcchtebrot)\" href=\"http:\/\/www.samskitchen.at\/?p=543\">Kletzenbrot<\/a><br \/>\n<a href=\"http:\/\/www.samskitchen.at\/?p=944\">Mini Zitronengugelhupf<br \/>\n<\/a><a href=\"http:\/\/www.samskitchen.at\/?p=1745\">Panettone<\/a><a href=\"http:\/\/www.samskitchen.at\/?p=701\"><br \/>\nShortbread<\/a><br \/>\n<a href=\"http:\/\/www.samskitchen.at\/?p=4094\">Waldviertler Mohnzelten<\/a><br \/>\n<a title=\"Walnussblume\" href=\"http:\/\/www.samskitchen.at\/?p=604\">Walnussblume<\/a><br \/>\n<a title=\"Zuckerreingerl (K\u00e4rnten AT)\" href=\"http:\/\/www.samskitchen.at\/?p=513\">Zuckerreingerl<br \/>\n<\/a><a href=\"http:\/\/www.samskitchen.at\/?p=3242\">Zwetschkenfleck mit Streusel<\/a><\/p>\n<p><strong>Teige und Sonstiges<\/strong><\/p>\n<p><a href=\"http:\/\/www.samskitchen.at\/?p=2049\">Pizza auf dem Holzbackofen<\/a><a href=\"http:\/\/www.samskitchen.at\/?p=39\"><br \/>\nPizzateig<br \/>\n<\/a><a href=\"http:\/\/www.samskitchen.at\/?p=2625\">Pizza ganz ohne Hefe (Lievito Madre)<\/a><\/p>\n<p><strong>Kochen und Grillen:<\/strong><\/p>\n<p><a title=\"Brathuhn griechisch \u03ba\u03bf\u03c4\u03cc\u03c0\u03bf\u03c5\u03bb\u03bf \u03c6\u03bf\u03cd\u03c1\u03bd\u03bf\u03c5 \u03bc\u03b5 \u03c0\u03b1\u03c4\u03b1\u03c4\u03b5s\" href=\"http:\/\/www.samskitchen.at\/?p=311\">Brathuhn griechisch \u03ba\u03bf\u03c4\u03cc\u03c0\u03bf\u03c5\u03bb\u03bf \u03c6\u03bf\u03cd\u03c1\u03bd\u03bf\u03c5 \u03bc\u03b5 \u03c0\u03b1\u03c4\u03b1\u03c4\u03b5s<\/a><br \/>\n<a href=\"http:\/\/www.samskitchen.at\/?p=3717\">Calamari vom Grill<\/a><br \/>\n<a href=\"http:\/\/www.samskitchen.at\/?p=3537\">Giouvetsi (Reisnudel mit Rindfleisch)<\/a><br \/>\n<a title=\"Griechischer Octopus\" href=\"http:\/\/www.samskitchen.at\/?p=55\">Griechischer Oktopus<br \/>\n<\/a><a title=\"Gulasch\" href=\"http:\/\/www.samskitchen.at\/?p=502\">Gulasch<\/a><a title=\"Orecchiette con Cime di Rapa\" href=\"http:\/\/www.samskitchen.at\/?p=894\"><br \/>\n<\/a><a title=\"K\u00e4rntner Kasnudl\" href=\"http:\/\/www.samskitchen.at\/?p=1320\">K\u00e4rntner Kasnudl<br \/>\n<\/a><a href=\"http:\/\/www.samskitchen.at\/?p=4182\">Latzania astypaleas (mit K\u00e4se gef\u00fcllte Teigtaschen)<\/a><br \/>\n<a href=\"http:\/\/www.samskitchen.at\/?p=2700\">Marokkanische Fischpfanne<\/a><br \/>\n<a href=\"http:\/\/www.samskitchen.at\/?p=3397\">Marokkanische Fleischb\u00e4llchen<\/a><br \/>\n<a href=\"http:\/\/www.samskitchen.at\/?p=4115\">Moussaka<\/a><br \/>\n<a href=\"http:\/\/www.samskitchen.at\/?p=4147\">Muckalica<\/a><br \/>\n<a title=\"Orecchiette con Cime di Rapa\" href=\"http:\/\/www.samskitchen.at\/?p=894\">Orecchiette con Cime di Rapa<\/a><br \/>\n<a href=\"http:\/\/www.samskitchen.at\/?p=3916\">Pasta con ragu bianco die carne e castagne<\/a><br \/>\n<a style=\"font-size: inherit;\" href=\"http:\/\/www.samskitchen.at\/?p=3735\">Pasta Pomodore<\/a><br \/>\n<a href=\"http:\/\/www.samskitchen.at\/?p=2672\">Pulled Pork<\/a><a title=\"Restlverwertung&nbsp;auf Italienisch&nbsp;&nbsp;&nbsp;&nbsp;&nbsp;&nbsp;(oder wenn unerwartet G\u00e4ste kommen)\" href=\"http:\/\/www.samskitchen.at\/?p=1450\"><br \/>\nResteverwertung auf Italienisch<\/a><br \/>\n<a title=\"Risotto al radicchio trevigiano\" href=\"http:\/\/www.samskitchen.at\/?p=778\">Risotto al radicchio trevigiano<br \/>\n<\/a><a href=\"http:\/\/www.samskitchen.at\/?p=1299\">Souvlaki (Griechische Fleischspiesse)<br \/>\n<\/a><a href=\"http:\/\/www.samskitchen.at\/?p=3148\">Stangenbohnen in <\/a>Tomatensauce<br \/>\n<a title=\"Steirische K\u00fcrbiscremesuppe\" href=\"http:\/\/www.samskitchen.at\/?p=300\">Steirische K\u00fcrbiscremesuppe<\/a><br \/>\n<a href=\"http:\/\/www.samskitchen.at\/?p=4265&amp;preview=true&amp;_thumbnail_id=4266\">Zucchinib\u00e4llchen Kolokithokeftedes<\/a><\/p>\n<h1>&nbsp;<\/h1>\n","protected":false},"excerpt":{"rendered":"<p>Baguette: Baguette (Weizensauerteig ohne Hefe) Baguette (lange Teigf\u00fchrung) Baguette mit Lievito Madre Baguette mit Poolish Baguette mit Poolish (Dietmar Kappl) Baguette nach Sebastien Mauvieux 5. Versuch Baguette nach Sebastien Mauvieus 4. Versuch Baguette nach Sebastien Mauvieux 3. Versuch Baguette nach Sebastien Mauvieux 2. Versuch Baguette nach Sebastien Mauvieux (Baguetteb\u00e4cker des Jahres 2012) Baguette rustique Baguette Sam\u00b4s Kitchen 2. Versuch Baguette &hellip;<\/p>\n","protected":false},"author":1,"featured_media":0,"parent":0,"menu_order":0,"comment_status":"open","ping_status":"open","template":"","meta":{"_mi_skip_tracking":false,"_exactmetrics_sitenote_active":false,"_exactmetrics_sitenote_note":"","_exactmetrics_sitenote_category":0,"ngg_post_thumbnail":0,"jetpack_post_was_ever_published":false,"footnotes":""},"jetpack_sharing_enabled":true,"jetpack_shortlink":"https:\/\/wp.me\/P41IW0-k3","_links":{"self":[{"href":"https:\/\/www.samskitchen.at\/index.php?rest_route=\/wp\/v2\/pages\/1243"}],"collection":[{"href":"https:\/\/www.samskitchen.at\/index.php?rest_route=\/wp\/v2\/pages"}],"about":[{"href":"https:\/\/www.samskitchen.at\/index.php?rest_route=\/wp\/v2\/types\/page"}],"author":[{"embeddable":true,"href":"https:\/\/www.samskitchen.at\/index.php?rest_route=\/wp\/v2\/users\/1"}],"replies":[{"embeddable":true,"href":"https:\/\/www.samskitchen.at\/index.php?rest_route=%2Fwp%2Fv2%2Fcomments&post=1243"}],"version-history":[{"count":202,"href":"https:\/\/www.samskitchen.at\/index.php?rest_route=\/wp\/v2\/pages\/1243\/revisions"}],"predecessor-version":[{"id":4273,"href":"https:\/\/www.samskitchen.at\/index.php?rest_route=\/wp\/v2\/pages\/1243\/revisions\/4273"}],"wp:attachment":[{"href":"https:\/\/www.samskitchen.at\/index.php?rest_route=%2Fwp%2Fv2%2Fmedia&parent=1243"}],"curies":[{"name":"wp","href":"https:\/\/api.w.org\/{rel}","templated":true}]}}